of 96?
True
Is 2006 a multiple of 38?
False
Is 552 a multiple of 3?
True
Is 73 a factor of 7691?
False
Is 6270 a multiple of 165?
True
Is 2870 a multiple of 14?
True
Is 81 a factor of 16571?
False
Does 124 divide 172?
False
Is 15 a factor of 18286?
False
Is 51 a multiple of 39?
False
Does 19 divide 1121?
True
Does 14 divide 192?
False
Does 8 divide 128?
True
Is 1799 a multiple of 15?
False
Is 5385 a multiple of 14?
False
Does 61 divide 3250?
False
Is 1664 a multiple of 5?
False
Is 826 a multiple of 62?
False
Does 37 divide 5809?
True
Does 9 divide 780?
False
Is 53058 a multiple of 192?
False
Is 52 a factor of 33540?
True
Is 36 a factor of 972?
True
Does 214 divide 84958?
True
Is 27 a factor of 2565?
True
Is 35 a factor of 11305?
True
Is 5406 a multiple of 34?
True
Is 5183 a multiple of 71?
True
Is 804 a multiple of 67?
True
Is 112 a multiple of 16?
True
Is 30 a factor of 1334?
False
Does 53 divide 3623?
False
Does 51 divide 58396?
False
Does 13 divide 19824?
False
Does 16 divide 13087?
False
Is 7857 a multiple of 73?
False
Is 7 a multiple of 7?
True
Is 2849 a multiple of 37?
True
Is 2506 a multiple of 10?
False
Is 7 a factor of 168?
True
Is 11988 a multiple of 43?
False
Is 39 a factor of 17323?
False
Is 2442 a multiple of 22?
True
Does 9 divide 36?
True
Is 107 a factor of 4815?
True
Is 3393 a multiple of 99?
False
Does 68 divide 19992?
True
Does 39 divide 3050?
False
Is 39 a factor of 1586?
False
Does 23 divide 100153?
False
Is 5285 a multiple of 7?
True
Is 4 a factor of 580?
True
Is 17 a factor of 1443?
False
Is 62 a factor of 33252?
False
Does 13 divide 1222?
True
Is 2 a factor of 239?
False
Does 36 divide 82476?
True
Is 931 a multiple of 49?
True
Does 21 divide 4790?
False
Is 20 a factor of 2436?
False
Is 17 a factor of 323?
True
Is 7232 a multiple of 16?
True
Is 89495 a multiple of 77?
False
Is 3256 a multiple of 51?
False
Is 26 a factor of 572?
True
Is 689 a multiple of 31?
False
Is 24 a factor of 1320?
True
Is 10695 a multiple of 23?
True
Is 13 a factor of 1378?
True
Is 4002 a multiple of 2?
True
Is 53 a factor of 7882?
False
Is 4 a factor of 708?
True
Is 14 a factor of 36666?
True
Is 3019 a multiple of 9?
False
Is 24862 a multiple of 31?
True
Is 13 a factor of 12974?
True
Does 7 divide 819?
True
Does 19 divide 8207?
False
Does 184 divide 32752?
True
Does 29 divide 522?
True
Is 308 a multiple of 7?
True
Is 35 a factor of 2368?
False
Is 5305 a multiple of 35?
False
Is 865 a multiple of 73?
False
Is 16344 a multiple of 12?
True
Is 12 a factor of 2040?
True
Is 30251 a multiple of 25?
False
Is 57908 a multiple of 31?
True
Is 30876 a multiple of 166?
True
Does 3 divide 32946?
True
Is 81 a factor of 5670?
True
Is 2881 a multiple of 67?
True
Is 20178 a multiple of 59?
True
Is 15 a factor of 300?
True
Is 19118 a multiple of 11?
True
Does 17 divide 272?
True
Is 2055 a multiple of 137?
True
Is 12874 even?
True
Is 13 a factor of 845?
True
Does 3 divide 148?
False
Does 2 divide 1946?
True
Does 2 divide 151?
False
Does 80 divide 22720?
True
Is 2790 a multiple of 15?
True
Is 26632 a multiple of 9?
False
Is 1888 a multiple of 35?
False
Is 160 a multiple of 3?
False
Is 7527 a multiple of 13?
True
Is 11417 a multiple of 49?
True
Is 110 a factor of 3520?
True
Does 200 divide 50200?
True
Is 11773 even?
False
Is 10 a factor of 33422?
False
Is 1412 a multiple of 16?
False
Does 19 divide 30599?
False
Does 43 divide 64688?
False
Is 1045 a multiple of 12?
False
Does 49 divide 1029?
True
Is 8 a factor of 1826?
False
Is 51986 a multiple of 11?
True
Is 642 a multiple of 3?
True
Is 587 a multiple of 3?
False
Is 256 a multiple of 8?
True
Is 9228 a multiple of 7?
False
Is 1092 a multiple of 42?
True
Is 2740 a multiple of 19?
False
Is 123 a factor of 7749?
True
Does 55 divide 220?
True
Is 106 a factor of 61664?
False
Does 15 divide 1037?
False
Is 10961 a multiple of 113?
True
Is 7 a factor of 44569?
True
Is 14 a factor of 2086?
True
Does 17 divide 1428?
True
Does 17 divide 24480?
True
Is 14 a factor of 7433?
False
Is 9 a factor of 9476?
False
Is 43266 a multiple of 123?
False
Does 6 divide 2950?
False
Is 10360 a multiple of 14?
True
Is 10824 a multiple of 41?
True
Is 30 a factor of 660?
True
Is 14060 a multiple of 20?
True
Does 2 divide 422?
True
Does 14 divide 2063?
False
Does 18 divide 1326?
False
Is 5814 a multiple of 171?
True
Is 908 a multiple of 68?
False
Is 12 a factor of 643?
False
Does 241 divide 34945?
True
Is 59356 a multiple of 71?
True
Is 3608 a multiple of 150?
False
Is 35844 a multiple of 6?
True
Does 220 divide 29956?
False
Is 210 a multiple of 30?
True
Is 281 a factor of 37654?
True
Is 180 a multiple of 12?
True
Is 55 a factor of 366?
False
Is 36 a factor of 3049?
False
Is 5 a factor of 2665?
True
Does 186 divide 24924?
True
Is 838 a multiple of 96?
False
Does 99 divide 49896?
True
Is 7120 a multiple of 85?
False
Is 5575 a multiple of 22?
False
Is 90 a factor of 87139?
False
Is 301 a multiple of 2?
False
Is 55 a factor of 1798?
False
Is 164360 a multiple of 28?
True
Is 239 a factor of 50395?
False
Is 252 a multiple of 42?
True
Does 6 divide 96?
True
Is 14 a factor of 50559?
False
Does 90 divide 791?
False
Is 34 a factor of 5770?
False
Does 116 divide 14045?
False
Does 54 divide 28427?
False
Is 3 a factor of 24?
True
Is 7 a factor of 722?
False
Is 159 a multiple of 3?
True
Is 1364 a multiple of 22?
True
Is 5455 a multiple of 27?
False
Is 33 a factor of 2244?
True
Does 7 divide 6972?
True
Is 896 a multiple of 4?
True
Does 9 divide 159?
False
Is 29 a factor of 7568?
False
Does 106 divide 2199?
False
Does 3 divide 9132?
True
Does 65 divide 15421?
False
Is 52 a factor of 16318?
False
Does 11 divide 18876?
True
Does 22 divide 474?
False
Does 14 divide 182?
True
Does 29 divide 366?
False
Is 1110 a multiple of 30?
True
Is 68 a factor of 21624?
True
Is 2473 a multiple of 7?
False
Is 10 a factor of 9070?
True
Is 30189 a multiple of 29?
True
Does 48 divide 4944?
True
Is 12 a factor of 3381?
False
Is 34 a factor of 2040?
True
Is 2596 a multiple of 59?
True
Is 11710 a multiple of 116?
False
Is 7 a factor of 896?
True
Does 66 divide 7475?
False
Does 20 divide 189?
False
Is 25 a factor of 259?
False
Is 27 a factor of 12024?
False
Does 58 divide 4350?
True
Is 52 a factor of 203?
False
Is 117 a factor of 32470?
False
Does 52 divide 811?
False
Does 10 divide 1583?
False
Does 25 divide 888?
False
Is 30 a factor of 4950?
True
Does 8 divide 8963?
False
Does 6 divide 6168?
True
Is 4097 a multiple of 53?
False
Does 11 divide 12362?
False
Is 7 a factor of 38017?
True
Is 2743 a multiple of 29?
False
Does 64 divide 2304?
True
Is 1829 a multiple of 41?
False
Is 59 a factor of 354?
True
Does 20 divide 2080?
True
Does 293 divide 11134?
True
Does 19 divide 38?
True
Does 20 divide 5659?
False
Is 1104 a multiple of 46?
True
Is 5 a factor of 600?
True
Does 30 divide 2550?
True
Is 676 a multiple of 52?
True
Does 15 divide 2220?
True
Is 630 a multiple of 10?
True
Is 28 a factor of 8764?
True
Does 48 divide 872?
False
Is 19 a factor of 6354?
False
Does 260 divide 87360?
True
Is 21 a factor of 85?
False
Is 5 a factor of 2645?
True
Is 12250 a multiple of 14?
True
Does 14 divide 196?
True
Is 1035 a multiple of 23?
True
Is 69 a factor of 483?
True
Is 555 a multiple of 15?
True
Is 2926 a multiple of 11?
True
Does 12 divide 2148?
True
Is 9523 a multiple of 15?
False
Does 19 divide 16492?
True
Is 64 a multiple of 4?
True
Is 3102 a multiple of 22?
True
Does 13 divide 44610?
False
Does 17 divide 15348?
False
Does 79 divide 1626?
False
Does 16 divide 622?
False
Is 14 a factor of 210?
True
Is 12609 a multiple of 44?
False
Is 21668 a multiple of 13?
False
Is 78 a factor of 48380?
False
Is 785 a multiple of 37?
False
Is 16 a factor of 192?
True
Is 99 a factor of 3861?
True
Does 13 divide 1820?
True
Is 193 a multiple of 8?
False
Is 31 a factor of 1532?
False
Is 71 a factor of 66314?
True
Is 12 a factor of 684?
True
Is 2 a factor of 611?
False
Is 1837 a multiple of 11?
True
Is 16 a factor of 1152?
True
Is 41 a factor of 10406?
False
Is 616 a multiple of 11?
True
Does 7 divide 448?
True
Is 40 a multiple of 2?
True
Is 24 a factor of 2544?
True
Does 65 divide 715?
True
Is 58 a factor of 406?
True
Is 108853 a multiple of 14?
False
Is 554 a multiple of 6?
False
Does 107 divide 4678?
False
Does 13 divi